*v = -3*d + 3*v, -2*v = 5*d. Suppose 2*j + 6 = d, -4*m + 2*j = g*j - 96. What is the units digit of m?
7
Let r = -1774 - -2936. What is the thousands digit of r?
1
Let z = -18 - -27. Suppose -12 = z*i - 12*i. Suppose -4*x = -3*y + 5*y - 12, -2*y = 2*x - i. What is the units digit of x?
4
What is the tens digit of 3078/(-12)*(6 + -8)?
1
Suppose 4*y = 16, -4*d = 3*y + 53 - 517. What is the hundreds digit of d?
1
Let z be 1/(9/93) + 3/(-9). Let v(p) = -p**3 + 10*p**2 + 8*p - 5. What is the units digit of v(z)?
5
Suppose t = -2*n + 4148, 2*n - n = 5*t + 2085. What is the units digit of n?
5
Suppose -3 = w, 9*s + 2*w = 4*s + 34. Let f(n) = -n**2 + 13*n - 15. What is the tens digit of f(s)?
2
Let m = -65 + 95. Let b be 12/(-5)*m/4. Let j = -11 - b. What is the units digit of j?
7
Let m be 20/6 + 1/(-3). Let j be 3/(m/(-60)*-4). Suppose 0*z - j = -z. What is the units digit of z?
5
What is the units digit of 0 - (-14 + 8 + -1063)?
9
Suppose 5*h - 149 = 3*x, -3*h + 2*x = 3*x - 95. Suppose h*z - 14 = 29*z. What is the units digit of z?
7
Let l be 2/(5/((-20)/(-2))). Let q = l - -33. What is the tens digit of q?
3
Suppose 24*j = -17*j + 51045. What is the hundreds digit of j?
2
Let i(w) = -w**2 + 8*w - 1. Let a be i(7). Let o(g) = -1 + 7*g**3 + 2 - a*g - 6*g**3 + 2*g. What is the units digit of o(3)?
6
Suppose 761*o + 6328 = 765*o. What is the hundreds digit of o?
5
Let t(q) = 2*q**2 + 3. Let c be t(6). Let x = -16 - -89. Suppose 4*n - x = c. What is the units digit of n?
7
What is the tens digit of 68/16 + -4 - 2169/(-12)?
8
Suppose -v + 8 = 6. Let o be -23 + 0 - (v + 0). Let l = -16 - o. What is the units digit of l?
9
Let z(h) = 70*h - 121. What is the units digit of z(18)?
9
Suppose -2*m - 24 = m. Let g = 7 + m. Let z = g + 14. What is the units digit of z?
3
Let v = 16 + -19. Let z = -3 - v. Suppose -3*q + z*q = -54. What is the units digit of q?
8
Let o = 464 - 228. Let y = o - 57. What is the units digit of y?
9
Let i be 2 + (-2)/4*-6. Let w = 22 - i. Let s = 3 + w. What is the units digit of s?
0
Let b(y) = 85*y - 4. Let a be b(4). Suppose -5*s - 6*k + a = -2*k, -2*k = 5*s - 338. What is the tens digit of s?
6
Let l be 3/(-15) - 3123/(-15). Suppose 2*d = 3*x - 15, 5*x - 2*d - 24 - 1 = 0. Suppose -x*y + l = -42. What is the tens digit of y?
5
Suppose 0 = 10*q + 2495 - 8265. What is the units digit of q?
7
Let v = -1448 - -2250. What is the tens digit of v?
0
Let b = 325 - -2470. What is the thousands digit of b?
2
Let b = -12 - -11. Suppose 5*v + 0*q - 2*q + 39 = 0, 0 = -2*v - 4*q - 30. What is the units digit of 3*((-42)/v - b)?
7
Suppose 0 = 5*k - 2*j + 1778, -2*k - 754 = 4*j - 38. Let q = -133 - k. What is the units digit of q?
3
Let g(p) = -7*p - 55. What is the units digit of g(-19)?
8
Suppose -26*n + 5174 = -5096. What is the units digit of n?
5
Suppose -3 = 4*x - 7. Let b be (2 + -3)*(-1 - -1). Let g = x - b. What is the units digit of g?
1
Let c(u) be the third derivative of 0 + 2*u**2 + 0*u - 1/12*u**4 + 4/3*u**3. What is the units digit of c(-6)?
0
Let v = -14 - -19. Suppose t + 4 = 3*h - v, 0 = -2*t. Suppose 136 + 68 = h*m. What is the tens digit of m?
6
Let c(d) = d - 1. Let f be c(3). Suppose 5*g + 4*p = 107, -3*g = -8*g - f*p + 111. Let v = g + -16. What is the units digit of v?
7
Suppose 2*h = -5*i + 722, h = i - h - 142. Let z = i - 36. What is the tens digit of z?
0
Let i(g) = -2*g - 6. Let t(o) = -3*o - 6. Let c(q) = -4*i(q) + 5*t(q). Suppose -3*r + 4 = -4*r. What is the units digit of c(r)?
2
Suppose 384*u - 394*u + 4490 = 0. What is the hundreds digit of u?
4
Let j = 35 + -31. Let k = 5 - j. Let x(b) = 25*b + 1. What is the tens digit of x(k)?
2
Suppose -2*q = 7*q - 1233. What is the hundreds digit of q?
1
Let n = -47 - -52. Suppose 0*q - q = -n*r + 583, -3*q - 228 = -2*r. What is the tens digit of r?
1
Suppose -f - 3*y + 55 = 0, -2*f - 3*f + 303 = y. What is the tens digit of f?
6
Suppose -5*p + 984 + 396 = 0. Suppose 2*f + 20 - 112 = -s, -3*s + p = 5*f. What is the units digit of s?
2
Let n(y) be the second derivative of y**4/12 + 5*y**3/6 - 11*y**2 - 10*y. What is the units digit of n(-8)?
2
Suppose 4*x + 2*r = -64, x + 4*r = -3*x - 56. Let z = x - -37. What is the tens digit of z?
1
Let z = 69 + -108. Let g = z - -20. Let p = g + 29. What is the tens digit of p?
1
Suppose 0 = -3*w + 201 + 54. Let r = w + 166. What is the hundreds digit of r?
2
Let c be (1/(-3))/((-1)/3). Suppose -3*y + 3 = -w, 4*w - 4 = -y - 3. Let m = c + w. What is the units digit of m?
1
Suppose 3*j - 2*j - 2 = 0. Suppose -p = j*p - 12537. What is the units digit of p/126 - (-2)/(-12)?
3
Let a(g) = 7*g**3 + 2*g**2 - 2*g. Let x be a(1). Suppose 0*p = x*p - 371. What is the units digit of p?
3
Let w(z) = 15*z**2 - 11*z + 4. Let i be w(4). Suppose -14*g = -10*g - i. What is the tens digit of g?
5
Let h be 14/1*160/56. Suppose -74 = -2*l + h. What is the units digit of l?
7
Let s(d) = 7*d**3 - 5*d**2 + 5*d + 25. What is the units digit of s(5)?
0
Suppose -285 - 159 = -3*t. Let a = t - 80. What is the units digit of a?
8
Suppose 2*o - 5*q - 112 + 21 = 0, -4*q = 20. Let z = 139 - o. What is the hundreds digit of z?
1
Suppose 0 = -11*b + 9*b + 312. Suppose -2*k = -152 - b. What is the tens digit of k?
5
Let h be 1/3*-3*-5. Let b be (-3)/(-5) - 1443/h. What is the units digit of ((-10)/(-8))/((-18)/b)?
0
Suppose -3*d + 3*v = -952 + 16, -932 = -3*d + v. What is the tens digit of d?
1
Let d = -22 + 32. Suppose -350 = -d*f + 5*f. What is the tens digit of f?
7
Let z(q) = q**2 - 7*q + 10. Let l be z(6). Suppose 0 = -3*r + l*r - 11. What is the units digit of r?
1
Let f = 80 - -199. Suppose -4*i - 5*r + 380 = i, 4*i - r = f. What is the units digit of i?
1
Let w(t) = -3*t**3 + 2*t**2 + 8. Let d be w(-4). Suppose -2*j = -4*j + d. What is the hundreds digit of j?
1
Suppose -3*y - 171 = 2*y - 2*a, 0 = 5*y - 5*a + 180. Let p = -3 + 51. Let k = p + y. What is the units digit of k?
5
Suppose 10 = 7*d - 2*d. What is the tens digit of (-2 + (-114)/(-4))*d?
5
Let y = 1 - -4. Suppose -y*g - 4 = 1. What is the units digit of (-9)/(-3) + 4 + g?
6
Let o be 134 + 4 + -3 + 2. Let w = -5 + o. What is the tens digit of w?
3
Suppose -f + x = 18, -3*f - 43 = 3*x - 7. Let p = f - -14. What is the units digit of p + 4 - (-3 + 3)?
3
Let o(w) = 21*w**2 - 9*w - 9. Let b be o(-5). Suppose 3*p = 6*p - b. What is the tens digit of p?
8
Let y(s) = -s + 8. Let v be y(11). What is the units digit of ((-402)/(-9))/((-2)/v)?
7
Let w(v) = -v**2 - 8*v - 7. Let j be w(-6). Suppose 37 + 18 = j*s. Let a(g) = -g**2 + 16*g + 3. What is the units digit of a(s)?
8
Suppose 4*q + 14*a - 14512 = 11*a, -5*q = -5*a - 18105. What is the thousands digit of q?
3
Let a(d) = -d**2 + d - 3. Let b be a(0). Let x(s) = s**3 + 9*s**2 + 12*s + 19. Let i be x(-8). What is the units digit of i/(-3) + 1/b?
4
Let w(f) = -3*f - 28. Let d be w(-10). What is the tens digit of (((-36)/(-1))/3)/(d/11)?
6
Let d(i) = 22*i**2 - 105. What is the tens digit of d(11)?
5
Let l = -7 + 13. Suppose -3*d = -l*d + 36. What is the units digit of d?
2
What is the tens digit of 2823*-12*5/(-45)?
6
Let w(k) = k**2 - 3*k - 1. Suppose 5*i - 13 = -3*h, -4*h + 3*h + 2*i = 3. Let j = 6 - h. What is the units digit of w(j)?
9
Let u(o) = -3*o**3 - 2*o**2 + 36*o + 262. What is the thousands digit of u(-9)?
1
Let t(q) = -q**3 + 19*q**2 + 15*q + 11. Let w be t(20). Let c = w - -272. What is the units digit of c?
3
Let f = 7 - 7. Suppose 4*v + f*y + 15 = -3*y, v + y = -5. Suppose v = -0*z - 2*z + 20. What is the units digit of z?
0
Suppose 0 = -3*g - 5 + 14. Suppose -4*z + 2*u + 442 = 0, -57 = -2*z + g*u + 166. What is the tens digit of z?
1
Let s(f) = 95*f - 1. Let t be s(2). Let v = -72 + t. What is the units digit of v?
7
Let f be (-2 - -2) + 2 - 1. Let x(c) = 0*c + 2*c + f + 7 + c. What is the tens digit of x(6)?
2
Suppose y + 15 = 4*y. Suppose 4*b = -y*l + 12, 3*l - b = 2*l - 3. Suppose h = -3*j + 47, -3*h - h + 2*j + 258 = l. What is the tens digit of h?
6
Let u(p) = -24*p - 230. What is the units digit of u(-32)?
8
Suppose 12*d - 1974 = 2322. What is the tens digit of d?
5
Let g(o) = -2*o**2 + 2*o - 1. Let u be g(-2). Let j = u + 16. Let h = -2 + j. What is the units digit of h?
1
Let u = 46 + -36. Suppose y = -5*o + 6*y + u, 2*y + 7 = 3*o. What